{"id":4068,"date":"2020-05-12T22:54:20","date_gmt":"2020-05-12T21:54:20","guid":{"rendered":"https:\/\/www.wandel-verlag.de\/?page_id=4068"},"modified":"2020-05-12T22:55:12","modified_gmt":"2020-05-12T21:55:12","slug":"khordong-praxis-kalender","status":"publish","type":"page","link":"https:\/\/www.wandel-verlag.de\/de\/khordong-praxis-kalender\/","title":{"rendered":"Khordong Praxiskalender"},"content":{"rendered":"\n<figure><iframe loading=\"lazy\" src=\"https:\/\/calendar.google.com\/calendar\/embed?height=600&amp;wkst=2&amp;bgcolor=%23ffffff&amp;ctz=Europe%2FBerlin&amp;src=c3JkZjJsaG5ncGt1cmZrc2FoMDIxNW1tN3NAZ3JvdXAuY2FsZW5kYXIuZ29vZ2xlLmNvbQ&amp;color=%23D81B60&amp;hl=en_GB\" width=\"600\" height=\"600\"><\/iframe><\/figure>\n\n\n\n<p class=\"wp-block-paragraph\">Tibetisch-buddhistische Praxistage nach der Khordong-Tradition von Chhimed Rigdzin Rinpoche entsprechend dem aktuellen tibetischem Kalender.<\/p>\n\n\n\n<p class=\"wp-block-paragraph\">Liebe Dharmafreund*innen,<br>nach tibetischer Tradition werden bestimmte Tage im Monat f\u00fcr besondere Praxis benutzt. Hier findet ihr eine Aufstellung der Tage nach dem aktuellen tibetischem Kalender, so wie sie gr\u00f6\u00dftenteils von S.H. Chhimed Rigdzin Rinpoche w\u00e4hrend unserer Retreats mit ihm beachtet wurden.<\/p>\n\n\n\n<p class=\"wp-block-paragraph\"><\/p>\n","protected":false},"excerpt":{"rendered":"<p>Tibetisch-buddhistische Praxistage nach der Khordong-Tradition von Chhimed Rigdzin Rinpoche entsprechend dem aktuellen tibetischem Kalender. Liebe Dharmafreund*innen,nach tibetischer Tradition werden bestimmte Tage im Monat f\u00fcr besondere Praxis benutzt. Hier findet ihr eine Aufstellung der Tage nach dem aktuellen tibetischem Kalender, so &hellip; <a href=\"https:\/\/www.wandel-verlag.de\/de\/khordong-praxis-kalender\/\">Continue reading <span class=\"meta-nav\">&rarr;<\/span><\/a><\/p>\n","protected":false},"author":4,"featured_media":0,"parent":0,"menu_order":0,"comment_status":"open","ping_status":"closed","template":"","meta":{"footnotes":""},"class_list":["post-4068","page","type-page","status-publish","hentry"],"yoast_head":"<!-- This site is optimized with the Yoast SEO plugin v28.4 - https:\/\/yoast.com\/product\/yoast-seo-wordpress\/ -->\n<title>Khordong Praxiskalender - WANDEL VERLAG berlin<\/title>\n<meta name=\"robots\" content=\"index, follow, max-snippet:-1, max-image-preview:large, max-video-preview:-1\" \/>\n<link rel=\"canonical\" href=\"https:\/\/www.wandel-verlag.de\/de\/khordong-praxis-kalender\/\" \/>\n<meta property=\"og:locale\" content=\"en_US\" \/>\n<meta property=\"og:type\" content=\"article\" \/>\n<meta property=\"og:title\" content=\"Khordong Praxiskalender - WANDEL VERLAG berlin\" \/>\n<meta property=\"og:description\" content=\"Tibetisch-buddhistische Praxistage nach der Khordong-Tradition von Chhimed Rigdzin Rinpoche entsprechend dem aktuellen tibetischem Kalender. Liebe Dharmafreund*innen,nach tibetischer Tradition werden bestimmte Tage im Monat f\u00fcr besondere Praxis benutzt. Hier findet ihr eine Aufstellung der Tage nach dem aktuellen tibetischem Kalender, so &hellip; Continue reading &rarr;\" \/>\n<meta property=\"og:url\" content=\"https:\/\/www.wandel-verlag.de\/de\/khordong-praxis-kalender\/\" \/>\n<meta property=\"og:site_name\" content=\"WANDEL VERLAG berlin\" \/>\n<meta property=\"article:publisher\" content=\"https:\/\/www.facebook.com\/wandel.verlag\" \/>\n<meta property=\"article:modified_time\" content=\"2020-05-12T21:55:12+00:00\" \/>\n<meta property=\"og:image\" content=\"https:\/\/www.wandel-verlag.de\/wp-content\/uploads\/kordong-logo.jpg\" \/>\n\t<meta property=\"og:image:width\" content=\"1708\" \/>\n\t<meta property=\"og:image:height\" content=\"1729\" \/>\n\t<meta property=\"og:image:type\" content=\"image\/jpeg\" \/>\n<meta name=\"twitter:card\" content=\"summary_large_image\" \/>\n<script type=\"application\/ld+json\" class=\"yoast-schema-graph\">{\"@context\":\"https:\\\/\\\/schema.org\",\"@graph\":[{\"@type\":\"WebPage\",\"@id\":\"https:\\\/\\\/www.wandel-verlag.de\\\/de\\\/khordong-praxis-kalender\\\/\",\"url\":\"https:\\\/\\\/www.wandel-verlag.de\\\/de\\\/khordong-praxis-kalender\\\/\",\"name\":\"Khordong Praxiskalender - WANDEL VERLAG berlin\",\"isPartOf\":{\"@id\":\"https:\\\/\\\/www.wandel-verlag.de\\\/en\\\/#website\"},\"datePublished\":\"2020-05-12T21:54:20+00:00\",\"dateModified\":\"2020-05-12T21:55:12+00:00\",\"breadcrumb\":{\"@id\":\"https:\\\/\\\/www.wandel-verlag.de\\\/de\\\/khordong-praxis-kalender\\\/#breadcrumb\"},\"inLanguage\":\"en-US\",\"potentialAction\":[{\"@type\":\"ReadAction\",\"target\":[\"https:\\\/\\\/www.wandel-verlag.de\\\/de\\\/khordong-praxis-kalender\\\/\"]}]},{\"@type\":\"BreadcrumbList\",\"@id\":\"https:\\\/\\\/www.wandel-verlag.de\\\/de\\\/khordong-praxis-kalender\\\/#breadcrumb\",\"itemListElement\":[{\"@type\":\"ListItem\",\"position\":1,\"name\":\"Startseite\",\"item\":\"https:\\\/\\\/www.wandel-verlag.de\\\/en\\\/\"},{\"@type\":\"ListItem\",\"position\":2,\"name\":\"Khordong Praxiskalender\"}]},{\"@type\":\"WebSite\",\"@id\":\"https:\\\/\\\/www.wandel-verlag.de\\\/en\\\/#website\",\"url\":\"https:\\\/\\\/www.wandel-verlag.de\\\/en\\\/\",\"name\":\"WANDEL VERLAG berlin\",\"description\":\"edition khordong\",\"publisher\":{\"@id\":\"https:\\\/\\\/www.wandel-verlag.de\\\/en\\\/#organization\"},\"potentialAction\":[{\"@type\":\"SearchAction\",\"target\":{\"@type\":\"EntryPoint\",\"urlTemplate\":\"https:\\\/\\\/www.wandel-verlag.de\\\/en\\\/?s={search_term_string}\"},\"query-input\":{\"@type\":\"PropertyValueSpecification\",\"valueRequired\":true,\"valueName\":\"search_term_string\"}}],\"inLanguage\":\"en-US\"},{\"@type\":\"Organization\",\"@id\":\"https:\\\/\\\/www.wandel-verlag.de\\\/en\\\/#organization\",\"name\":\"edition khordong im Wandel Verlag\",\"url\":\"https:\\\/\\\/www.wandel-verlag.de\\\/en\\\/\",\"logo\":{\"@type\":\"ImageObject\",\"inLanguage\":\"en-US\",\"@id\":\"https:\\\/\\\/www.wandel-verlag.de\\\/en\\\/#\\\/schema\\\/logo\\\/image\\\/\",\"url\":\"https:\\\/\\\/www.wandel-verlag.de\\\/wp-content\\\/uploads\\\/wandelkhordong_logo_150x225-e1604923349635.gif\",\"contentUrl\":\"https:\\\/\\\/www.wandel-verlag.de\\\/wp-content\\\/uploads\\\/wandelkhordong_logo_150x225-e1604923349635.gif\",\"width\":100,\"height\":150,\"caption\":\"edition khordong im Wandel Verlag\"},\"image\":{\"@id\":\"https:\\\/\\\/www.wandel-verlag.de\\\/en\\\/#\\\/schema\\\/logo\\\/image\\\/\"},\"sameAs\":[\"https:\\\/\\\/www.facebook.com\\\/wandel.verlag\"]}]}<\/script>\n<!-- \/ Yoast SEO plugin. -->","yoast_head_json":{"title":"Khordong Praxiskalender - WANDEL VERLAG berlin","robots":{"index":"index","follow":"follow","max-snippet":"max-snippet:-1","max-image-preview":"max-image-preview:large","max-video-preview":"max-video-preview:-1"},"canonical":"https:\/\/www.wandel-verlag.de\/de\/khordong-praxis-kalender\/","og_locale":"en_US","og_type":"article","og_title":"Khordong Praxiskalender - WANDEL VERLAG berlin","og_description":"Tibetisch-buddhistische Praxistage nach der Khordong-Tradition von Chhimed Rigdzin Rinpoche entsprechend dem aktuellen tibetischem Kalender. Liebe Dharmafreund*innen,nach tibetischer Tradition werden bestimmte Tage im Monat f\u00fcr besondere Praxis benutzt. Hier findet ihr eine Aufstellung der Tage nach dem aktuellen tibetischem Kalender, so &hellip; Continue reading &rarr;","og_url":"https:\/\/www.wandel-verlag.de\/de\/khordong-praxis-kalender\/","og_site_name":"WANDEL VERLAG berlin","article_publisher":"https:\/\/www.facebook.com\/wandel.verlag","article_modified_time":"2020-05-12T21:55:12+00:00","og_image":[{"width":1708,"height":1729,"url":"https:\/\/www.wandel-verlag.de\/wp-content\/uploads\/kordong-logo.jpg","type":"image\/jpeg"}],"twitter_card":"summary_large_image","schema":{"@context":"https:\/\/schema.org","@graph":[{"@type":"WebPage","@id":"https:\/\/www.wandel-verlag.de\/de\/khordong-praxis-kalender\/","url":"https:\/\/www.wandel-verlag.de\/de\/khordong-praxis-kalender\/","name":"Khordong Praxiskalender - WANDEL VERLAG berlin","isPartOf":{"@id":"https:\/\/www.wandel-verlag.de\/en\/#website"},"datePublished":"2020-05-12T21:54:20+00:00","dateModified":"2020-05-12T21:55:12+00:00","breadcrumb":{"@id":"https:\/\/www.wandel-verlag.de\/de\/khordong-praxis-kalender\/#breadcrumb"},"inLanguage":"en-US","potentialAction":[{"@type":"ReadAction","target":["https:\/\/www.wandel-verlag.de\/de\/khordong-praxis-kalender\/"]}]},{"@type":"BreadcrumbList","@id":"https:\/\/www.wandel-verlag.de\/de\/khordong-praxis-kalender\/#breadcrumb","itemListElement":[{"@type":"ListItem","position":1,"name":"Startseite","item":"https:\/\/www.wandel-verlag.de\/en\/"},{"@type":"ListItem","position":2,"name":"Khordong Praxiskalender"}]},{"@type":"WebSite","@id":"https:\/\/www.wandel-verlag.de\/en\/#website","url":"https:\/\/www.wandel-verlag.de\/en\/","name":"WANDEL VERLAG berlin","description":"edition khordong","publisher":{"@id":"https:\/\/www.wandel-verlag.de\/en\/#organization"},"potentialAction":[{"@type":"SearchAction","target":{"@type":"EntryPoint","urlTemplate":"https:\/\/www.wandel-verlag.de\/en\/?s={search_term_string}"},"query-input":{"@type":"PropertyValueSpecification","valueRequired":true,"valueName":"search_term_string"}}],"inLanguage":"en-US"},{"@type":"Organization","@id":"https:\/\/www.wandel-verlag.de\/en\/#organization","name":"edition khordong im Wandel Verlag","url":"https:\/\/www.wandel-verlag.de\/en\/","logo":{"@type":"ImageObject","inLanguage":"en-US","@id":"https:\/\/www.wandel-verlag.de\/en\/#\/schema\/logo\/image\/","url":"https:\/\/www.wandel-verlag.de\/wp-content\/uploads\/wandelkhordong_logo_150x225-e1604923349635.gif","contentUrl":"https:\/\/www.wandel-verlag.de\/wp-content\/uploads\/wandelkhordong_logo_150x225-e1604923349635.gif","width":100,"height":150,"caption":"edition khordong im Wandel Verlag"},"image":{"@id":"https:\/\/www.wandel-verlag.de\/en\/#\/schema\/logo\/image\/"},"sameAs":["https:\/\/www.facebook.com\/wandel.verlag"]}]}},"_links":{"self":[{"href":"https:\/\/www.wandel-verlag.de\/de\/wp-json\/wp\/v2\/pages\/4068","targetHints":{"allow":["GET"]}}],"collection":[{"href":"https:\/\/www.wandel-verlag.de\/de\/wp-json\/wp\/v2\/pages"}],"about":[{"href":"https:\/\/www.wandel-verlag.de\/de\/wp-json\/wp\/v2\/types\/page"}],"author":[{"embeddable":true,"href":"https:\/\/www.wandel-verlag.de\/de\/wp-json\/wp\/v2\/users\/4"}],"replies":[{"embeddable":true,"href":"https:\/\/www.wandel-verlag.de\/de\/wp-json\/wp\/v2\/comments?post=4068"}],"version-history":[{"count":0,"href":"https:\/\/www.wandel-verlag.de\/de\/wp-json\/wp\/v2\/pages\/4068\/revisions"}],"wp:attachment":[{"href":"https:\/\/www.wandel-verlag.de\/de\/wp-json\/wp\/v2\/media?parent=4068"}],"curies":[{"name":"wp","href":"https:\/\/api.w.org\/{rel}","templated":true}]}}

<figure><iframe loading="lazy" src="https://calendar.google.com/calendar/embed?height=600&amp;wkst=2&amp;bgcolor=%23ffffff&amp;ctz=Europe%2FBerlin&amp;src=c3JkZjJsaG5ncGt1cmZrc2FoMDIxNW1tN3NAZ3JvdXAuY2FsZW5kYXIuZ29vZ2xlLmNvbQ&amp;color=%23D81B60&amp;hl=en_GB" width="600" height="600"></iframe></figure>



<p class="wp-block-paragraph">Tibetisch-buddhistische Praxistage nach der Khordong-Tradition von Chhimed Rigdzin Rinpoche entsprechend dem aktuellen tibetischem Kalender.</p>



<p class="wp-block-paragraph">Liebe Dharmafreund*innen,<br>nach tibetischer Tradition werden bestimmte Tage im Monat für besondere Praxis benutzt. Hier findet ihr eine Aufstellung der Tage nach dem aktuellen tibetischem Kalender, so wie sie größtenteils von S.H. Chhimed Rigdzin Rinpoche während unserer Retreats mit ihm beachtet wurden.</p>



<p class="wp-block-paragraph"></p>

<p>Tibetisch-buddhistische Praxistage nach der Khordong-Tradition von Chhimed Rigdzin Rinpoche entsprechend dem aktuellen tibetischem Kalender. Liebe Dharmafreund*innen,nach tibetischer Tradition werden bestimmte Tage im Monat für besondere Praxis benutzt. Hier findet ihr eine Aufstellung der Tage nach dem aktuellen tibetischem Kalender, so &hellip; <a href="https://www.wandel-verlag.de/de/khordong-praxis-kalender/">Continue reading <span class="meta-nav">&rarr;</span></a></p>

<!-- This site is optimized with the Yoast SEO plugin v28.4 - https://yoast.com/product/yoast-seo-wordpress/ -->
<title>Khordong Praxiskalender - WANDEL VERLAG berlin</title>
<meta name="robots" content="index, follow, max-snippet:-1, max-image-preview:large, max-video-preview:-1" />
<link rel="canonical" href="https://www.wandel-verlag.de/de/khordong-praxis-kalender/" />
<meta property="og:locale" content="en_US" />
<meta property="og:type" content="article" />
<meta property="og:title" content="Khordong Praxiskalender - WANDEL VERLAG berlin" />
<meta property="og:description" content="Tibetisch-buddhistische Praxistage nach der Khordong-Tradition von Chhimed Rigdzin Rinpoche entsprechend dem aktuellen tibetischem Kalender. Liebe Dharmafreund*innen,nach tibetischer Tradition werden bestimmte Tage im Monat für besondere Praxis benutzt. Hier findet ihr eine Aufstellung der Tage nach dem aktuellen tibetischem Kalender, so &hellip; Continue reading &rarr;" />
<meta property="og:url" content="https://www.wandel-verlag.de/de/khordong-praxis-kalender/" />
<meta property="og:site_name" content="WANDEL VERLAG berlin" />
<meta property="article:publisher" content="https://www.facebook.com/wandel.verlag" />
<meta property="article:modified_time" content="2020-05-12T21:55:12+00:00" />
<meta property="og:image" content="https://www.wandel-verlag.de/wp-content/uploads/kordong-logo.jpg" />
	<meta property="og:image:width" content="1708" />
	<meta property="og:image:height" content="1729" />
	<meta property="og:image:type" content="image/jpeg" />
<meta name="twitter:card" content="summary_large_image" />
<script type="application/ld+json" class="yoast-schema-graph">{"@context":"https:\/\/schema.org","@graph":[{"@type":"WebPage","@id":"https:\/\/www.wandel-verlag.de\/de\/khordong-praxis-kalender\/","url":"https:\/\/www.wandel-verlag.de\/de\/khordong-praxis-kalender\/","name":"Khordong Praxiskalender - WANDEL VERLAG berlin","isPartOf":{"@id":"https:\/\/www.wandel-verlag.de\/en\/#website"},"datePublished":"2020-05-12T21:54:20+00:00","dateModified":"2020-05-12T21:55:12+00:00","breadcrumb":{"@id":"https:\/\/www.wandel-verlag.de\/de\/khordong-praxis-kalender\/#breadcrumb"},"inLanguage":"en-US","potentialAction":[{"@type":"ReadAction","target":["https:\/\/www.wandel-verlag.de\/de\/khordong-praxis-kalender\/"]}]},{"@type":"BreadcrumbList","@id":"https:\/\/www.wandel-verlag.de\/de\/khordong-praxis-kalender\/#breadcrumb","itemListElement":[{"@type":"ListItem","position":1,"name":"Startseite","item":"https:\/\/www.wandel-verlag.de\/en\/"},{"@type":"ListItem","position":2,"name":"Khordong Praxiskalender"}]},{"@type":"WebSite","@id":"https:\/\/www.wandel-verlag.de\/en\/#website","url":"https:\/\/www.wandel-verlag.de\/en\/","name":"WANDEL VERLAG berlin","description":"edition khordong","publisher":{"@id":"https:\/\/www.wandel-verlag.de\/en\/#organization"},"potentialAction":[{"@type":"SearchAction","target":{"@type":"EntryPoint","urlTemplate":"https:\/\/www.wandel-verlag.de\/en\/?s={search_term_string}"},"query-input":{"@type":"PropertyValueSpecification","valueRequired":true,"valueName":"search_term_string"}}],"inLanguage":"en-US"},{"@type":"Organization","@id":"https:\/\/www.wandel-verlag.de\/en\/#organization","name":"edition khordong im Wandel Verlag","url":"https:\/\/www.wandel-verlag.de\/en\/","logo":{"@type":"ImageObject","inLanguage":"en-US","@id":"https:\/\/www.wandel-verlag.de\/en\/#\/schema\/logo\/image\/","url":"https:\/\/www.wandel-verlag.de\/wp-content\/uploads\/wandelkhordong_logo_150x225-e1604923349635.gif","contentUrl":"https:\/\/www.wandel-verlag.de\/wp-content\/uploads\/wandelkhordong_logo_150x225-e1604923349635.gif","width":100,"height":150,"caption":"edition khordong im Wandel Verlag"},"image":{"@id":"https:\/\/www.wandel-verlag.de\/en\/#\/schema\/logo\/image\/"},"sameAs":["https:\/\/www.facebook.com\/wandel.verlag"]}]}</script>
<!-- / Yoast SEO plugin. -->

Tibetisch-buddhistische Praxistage nach der Khordong-Tradition von Chhimed Rigdzin Rinpoche entsprechend dem aktuellen tibetischem Kalender. Liebe Dharmafreund*innen,nach tibetischer Tradition werden bestimmte Tage im Monat für besondere Praxis benutzt. Hier findet ihr eine Aufstellung der Tage nach dem aktuellen tibetischem Kalender, so &hellip; Continue reading &rarr;
